0911 a composite number?
True
Is 1376773 composite?
False
Is 625153 a prime number?
False
Is 15757993 a prime number?
True
Is 118541827 composite?
True
Is 65253863 a composite number?
False
Is 3708083 composite?
True
Is 1046303 a prime number?
False
Is 113223289 composite?
True
Is 323695631 a prime number?
False
Is 5989393 composite?
True
Is 194434131 composite?
True
Is 44850293 a composite number?
True
Is 147853 a composite number?
False
Is 30038497 prime?
True
Is 116578855 prime?
False
Is 53725019 prime?
False
Is 4103669 a composite number?
True
Is 27421697 a prime number?
False
Is 34392286 a prime number?
False
Is 390528473 a prime number?
False
Is 98931409 prime?
False
Is 2382371 composite?
False
Is 16310501 prime?
True
Is 3320869 a composite number?
False
Is 33925769 prime?
False
Is 30912781 a prime number?
True
Is 102453041 a composite number?
True
Is 240289931 a prime number?
False
Is 39267253 a prime number?
False
Is 7711637 a prime number?
True
Is 31675013 a prime number?
True
Is 7211161 a composite number?
True
Is 39332593 composite?
False
Is 3306869 a composite number?
False
Is 3470927 prime?
True
Is 6300857 prime?
True
Is 12903557 a composite number?
False
Is 13321687 a prime number?
False
Is 716569 a prime number?
False
Is 1504511 composite?
True
Is 46080854 a composite number?
True
Is 3883351 a prime number?
False
Is 11367659 composite?
True
Is 12456511 composite?
True
Is 47563795 composite?
True
Is 6636523 composite?
False
Is 613259 a composite number?
True
Is 8468353 a prime number?
True
Is 10869901 prime?
False
Is 321025771 prime?
False
Is 4986785 a prime number?
False
Is 364787281 a prime number?
False
Is 250990511 a composite number?
False
Is 226901 a prime number?
True
Is 4542803251 composite?
True
Is 3881803 composite?
False
Is 1159331 prime?
False
Is 727507 a composite number?
True
Is 25281221 composite?
True
Is 10371521 prime?
True
Is 962303 prime?
True
Is 3662443 a composite number?
True
Is 3906137 a composite number?
False
Is 13263529 a composite number?
False
Is 438607 a prime number?
False
Is 655391 a composite number?
True
Is 217727681 prime?
False
Is 110252209 prime?
True
Is 3942643 a prime number?
True
Is 585839 a prime number?
True
Is 127090087 a prime number?
False
Is 57066091 a prime number?
True
Is 4190617 composite?
False
Is 31408319 prime?
True
Is 27191 prime?
True
Is 20946649 composite?
False
Is 19904377 prime?
True
Is 1267859 a composite number?
False
Is 113937303 a prime number?
False
Is 138423331 prime?
True
Is 29170013 prime?
False
Is 283349 composite?
True
Is 368717 a composite number?
False
Is 33926569 composite?
True
Is 16135979 composite?
False
Is 1892999 composite?
False
Is 141918411 prime?
False
Is 35301395 a composite number?
True
Is 4947149 prime?
False
Is 14128879 composite?
False
Is 1430279 prime?
True
Is 953203 composite?
True
Is 37393289 composite?
False
Is 3232927 a prime number?
True
Is 132211361 a composite number?
True
Is 1379923 a prime number?
True
Is 291829 prime?
True
Is 103439039 a prime number?
False
Is 63713257 a composite number?
True
Is 46716433 prime?
True
Is 115203107 composite?
False
Is 20302651 a prime number?
False
Is 15012293 composite?
True
Is 2864877239 composite?
True
Is 98554111 a composite number?
False
Is 2778583 composite?
False
Is 59812997 a composite number?
False
Is 5138443 a composite number?
False
Is 503563 a composite number?
False
Is 91811623 a prime number?
True
Is 56799619 composite?
True
Is 8459467 a prime number?
False
Is 2562137 a composite number?
True
Is 1468369 composite?
True
Is 6680833 composite?
True
Is 6267409 prime?
False
Is 6055573 prime?
False
Is 26246791 prime?
True
Is 921755 composite?
True
Is 11291 composite?
True
Is 248767 composite?
True
Is 136303213 prime?
True
Is 965001853 a composite number?
True
Is 1953698 prime?
False
Is 7650257 prime?
True
Is 148386113 a composite number?
True
Is 341729 composite?
False
Is 42601102 a composite number?
True
Is 29179399 composite?
False
Is 663029 prime?
False
Is 506774273 prime?
True
Is 4737002 prime?
False
Is 17780281 composite?
True
Is 581171 composite?
False
Is 405593 a prime number?
False
Is 19040333 composite?
True
Is 18262381 a prime number?
True
Is 102545549 prime?
False
Is 65503481 a composite number?
False
Is 5405381 a composite number?
False
Is 2891963 a composite number?
False
Is 33856453 composite?
True
Is 74176441 prime?
True
Is 36308509 a composite number?
True
Is 55953527 a composite number?
True
Is 903570271 a prime number?
True
Is 3262003 a composite number?
False
Is 224897 a composite number?
False
Is 151436543 a composite number?
False
Is 24959465 prime?
False
Is 255491597 composite?
False
Is 104765489 a prime number?
True
Is 16700713 prime?
True
Is 155797 a prime number?
True
Is 3766751 prime?
True
Is 1731731 composite?
False
Is 29619497 composite?
False
Is 6929809 prime?
True
Is 8507337 composite?
True
Is 89503259 a prime number?
False
Is 14216669 a composite number?
True
Is 106636289 composite?
False
Is 2202787 composite?
False
Is 71047199 composite?
True
Is 47397839 a prime number?
True
Is 10661521 a prime number?
False
Is 705611 composite?
True
Is 2559749 prime?
False
Is 291370213 prime?
False
Is 209940047 prime?
True
Is 41493943 a prime number?
True
Is 1962071 a prime number?
True
Is 6447655 a composite number?
True
Is 256932523 a prime number?
True
Is 505914191 a prime number?
True
Is 296804671 a composite number?
True
Is 34175521 a composite number?
False
Is 16997143 prime?
True
Is 25931669 prime?
True
Is 21838559 a prime number?
False
Is 17266127 prime?
True
Is 1365841 a prime number?
False
Is 4035599 a composite number?
False
Is 193674941 a prime number?
False
Is 16375273 prime?
False
Is 5557093 a prime number?
True
Is 8863199 a composite number?
False
Is 3387799 a composite number?
False
Is 3286441 prime?
True
Is 72994762 composite?
True
Is 55383901 prime?
False
Is 97524707 composite?
True
Is 1449893 composite?
False
Is 3658357 a composite number?
True
Is 3373043 a composite number?
False
Is 413009 prime?
True
Is 94288253 prime?
True
Is 21123365 prime?
False
Is 150754679 prime?
True
Is 2770073 a prime number?
False
Is 9215399 a composite number?
True
Is 1751237 composite?
True
Is 213529267 composite?
True
Is 76333 prime?
True
Is 777289 a composite number?
True
Is 2050709 a composite number?
True
Is 163202647 a prime number?
False
Is 53887681 composite?
True
Is 196991 a prime number?
True
Is 15467251 prime?
True
Is 131541953 a composite number?
False
Is 1740041 composite?
False
Is 452476679 prime?
True
Is 5721557 composite?
False
Is 1229731 a composite number?
False
Is 4619471 a prime number?
True
Is 46020333 a composite number?
True
Is 392143 a prime number?
True
Is 14396159 prime?
False
Is 11461859 a prime number?
False
Is 926638 prime?
False
Is 32783638 a prime number?
False
Is 67053145 composite?
True
Is 776807 a prime number?
False
Is 27340439 a composite number?
True
Is 239214959 a composite number?
True
Is 1383287 composite?
False
Is 25327751 a prime number?
True
Is 126993 a prime number?
False
Is 13112401 a composite number?
True
Is 30285743 a prime number?
True
Is 16217 prime?
True
Is 1328923 a prime number?
True
Is 77208601 a prime number?
True
Is 276120589 a prime number?
False
Is 70707019 composite?
False
Is 107171669 a composite number?
True
Is 19649659 a composite number?
True
Is 58568491 prime?
True
Is 63078173 composite?
False
Is 38886541 a composite number?
False
Is 884713 a composite number?
True
Is 6743663 prime?
True
Is 2421977 a composite number?
True
Is 19600397 composite?
False
Is 88945721 prime?
True
Is 463849 a prime number?
True
Is 87944399 composite?
False
Is 13664111 composite?
True
Is 21696431 prime?
False
Is 23562631 prime?
True
Is 32079221 prime?
False
Is 30852319 a composite number?
False
Is 30111277 prime?
False
Is 84563 prime?
False
Is 1023667 prime?
False
Is 24385217 a prime number?
True
Is 845261 a composite number?
False
Is 30119059 prime?
True
Is 6876217 a prime number?
True
Is 1058861 prime?
True
Is 271069597 a prime number?
True
Is 27179431 a composite number?
True
Is 4112701 a composite number?
False
Is 216466 a composite number?
True
Is 2122522 a composite number?
True
Is 3810119 composite?
False
Is 3887167 a prime number?
True